)/(-4).
14
Let f(k) = 15*k + 17. Let v be f(-1). What is the remainder when 136 is divided by -22*(v - 4) + -1?
7
Let a = -10994 - -12205. What is the remainder when a is divided by 27?
23
Let i be (-4 - 36)*-2*6/30. What is the remainder when 294 is divided by (60/i)/(332/80 - 4)?
19
Suppose 501 = 2*z + 5*r, -99*r + 98*r + 5 = 0. Suppose a - 80 = -a. What is the remainder when z is divided by a?
38
Suppose -3*w - o + 1 = 0, 5*w = 5*o + 13 - 18. Suppose w = -29*c + 19*c + 350. What is the remainder when 172 is divided by c?
32
Suppose 0 = 98*h - 92*h - 54. Suppose h*m = 266 - 59. What is the remainder when 103 is divided by m?
11
Let v = 22630 + -20295. What is the remainder when v is divided by 777?
4
Calculate the remainder when (5067843/161)/33 - (-16)/14 is divided by 15.
10
Let b = -3573 + 3652. What is the remainder when 227 is divided by b?
69
Suppose -12*g - 36*g + 24*g + 168 = 0. What is the remainder when 440 is divided by g?
6
Let k(x) = x - 3. Let v be k(-13). Let f = v + 34. Let u = 428 - 418. What is the remainder when f is divided by u?
8
Suppose -17*r - 69725 = 213*r - 195305. What is the remainder when r is divided by 54?
6
Let o = 15 + -15. Suppose -7*w = -5*w - 2*a + 2, 0 = -2*w - a + 13. Suppose o = w*g - 15 - 37. Calculate the remainder when 25 is divided by g.
12
Calculate the remainder when (69/(9/3))/(-2 + 495/243) is divided by 310.
1
Let l(v) = -v + 21. Let d be l(15). Let r = d + 8. Calculate the remainder when (-2)/4 - 154/(-4) is divided by r.
10
Let m(c) = -266*c - 864. What is the remainder when m(-9) is divided by 759?
12
Let x = -8053 + 8072. Let j(g) = -g**3 + 9*g**2 - 6*g - 2. Suppose -10 = -a + 3*h, -4*a + h = -13 - 16. What is the remainder when j(a) is divided by x?
16
Suppose 0*x - 40 = -5*x + 5*d, -3*x + 2*d = -21. Let q(b) = 9*b - 19. Let t be q(2). Calculate the remainder when t/x - (-206)/15*3 is divided by 14.
13
Let h(k) = k**3 - 21*k**2 + 18*k + 35. Let s be h(20). Calculate the remainder when s - (-4)/((-32)/(-1272)) is divided by 13.
11
Calculate the remainder when 3/((-9)/(-4128)) - (-2)/(-2) is divided by 36.
7
Let y = 241 - 161. Let l(p) = p**3 + 11*p**2 + 9*p - 16. Let k be l(-10). Let u(o) = 4*o + 36. Calculate the remainder when y is divided by u(k).
8
Suppose -230 + 418 = 4*t - 5*g, -5*g + 235 = 5*t. Suppose -1 = -2*n + 3. What is the remainder when t is divided by ((-15)/(-10))/(n/16)?
11
Let r(h) = -3*h**2 - 52*h - 119. Calculate the remainder when 2619 is divided by r(-14).
15
Let c = 3073 - 2854. What is the remainder when c is divided by 50?
19
Let n(q) = 3*q - 9. Let d be 5/(-2)*(-80)/50. Suppose -d*x + 8 = 2*b, -b = -2*x - 14 + 6. What is the remainder when n(6) is divided by b?
3
Suppose 138 = 36*n - 222. Calculate the remainder when 369 is divided by n.
9
Suppose -5*h + 3 = c - 19, 0 = 4*h + 4*c - 24. Suppose 3*w - 219 = -h*j + 288, -j + 5*w = -121. Let m = j + -85. What is the remainder when m is divided by 14?
13
Let m(f) = -f**2 + 14*f - 30. Let t = 32 - 77. Let q = t + 64. Calculate the remainder when q is divided by m(3).
1
Let a(r) = r**3 - r**2 + 18*r - 66. Calculate the remainder when 1888 is divided by a(4).
52
Let m(q) = -2*q + 9. Let p be m(3). Suppose -p*s + 15 + 42 = 0. What is the remainder when s is divided by 3?
1
Let w(u) = -13*u + 78. Let x be w(16). Let s = 152 + x. Suppose 3*a = 4*a - 42. What is the remainder when a is divided by s?
20
Suppose -3*j = 0, 6*p - 4*j = 5*p + 60. Suppose 24*o = 28*o - p. Calculate the remainder when o is divided by 6.
3
Suppose -4*a - a = -195. Suppose -3*v + 785 + 337 = 5*q, 4*v - 1479 = -q. Let f = -348 + v. Calculate the remainder when a is divided by f.
18
Let g = -7523 + 13340. What is the remainder when g is divided by 20?
17
Let y = -124 - -185. Calculate the remainder when y is divided by 7/5 + ((-3)/2)/((-300)/120).
1
Let c(p) = -703 + 2*p + 4*p**2 + 351 + 347. Calculate the remainder when 432 is divided by c(2).
12
Let r(k) = -k**3 + k**2 - k. Let x be r(0). Suppose 3*u - 5*u + 52 = 2*a, -4*a = -4*u - 112. Calculate the remainder when (2/(-2) - x) + a is divided by 4.
2
Let h be 189/(-1) + (3 - 0). Let b = 151 - 254. Let k = b - h. Calculate the remainder when k is divided by 14.
13
Suppose 1864 = 40*p - 32*p. Let u = p + -134. Suppose w = -w + 50. What is the remainder when u is divided by w?
24
Let b be ((-1)/(-1))/(8/(-160)). Suppose 2*i = 8 + 46. Let h = i - b. Calculate the remainder when h is divided by 8.
7
Suppose 2*c + 64 = 5*y, 0 = -2*y - 19*c + 17*c + 34. Calculate the remainder when 181 is divided by y.
13
Let n be 0 - (-22)/121 - 326/(-22). Suppose n*q - 17*q - x + 105 = 0, 2*x = 5*q - 285. Let l = 4 - -13. What is the remainder when q is divided by l?
4
Let c(z) = 2183*z + 19672. What is the remainder when 168 is divided by c(-9)?
18
Let a be 3/((66/12)/(-11)) - -734. Let n = 794 - a. Calculate the remainder when 459 is divided by n.
63
Let j(s) = 32*s + 463. Let n be j(42). Let w = n - 1241. Calculate the remainder when w is divided by 27.
26
Let y(z) = -352*z + 4247. What is the remainder when 2941 is divided by y(12)?
20
What is the remainder when (-24)/(-14) + -2 - (36126750/105)/(-22) is divided by 8?
7
Suppose 0 + 28 = -2*t - 2*c, 40 = -2*t + 2*c. Let r = 42 - t. Let z = -28 + r. Calculate the remainder when 122 is divided by z.
29
Let r = -12 - -5. Let b(q) = -2*q + 2. Let d(h) = -5*h**3 - 6*h**2 + 7*h + 34. Calculate the remainder when d(-3) is divided by b(r).
14
Let x = 23914 - 23782. Calculate the remainder when 134 is divided by x.
2
Let b(d) = d**3 + 37*d**2 - 146*d - 4061. What is the remainder when 703 is divided by b(-38)?
15
Let z(r) = -16*r**3 + 2*r**2 - 8*r - 10. Calculate the remainder when z(-4) is divided by 19.
14
Suppose 0 = -0*h + h - 49. Let b(x) = -10 - x**2 - 108*x + 7*x**2 + 55*x + 54*x. What is the remainder when b(5) is divided by h?
47
Let u = -5781 - -5785. What is the remainder when 82 is divided by u?
2
Suppose 1244 = -7*w - 14*w + 9623. Calculate the remainder when w is divided by 125.
24
Let r(x) = x**2 + 100*x + 1765. What is the remainder when (581 - -1)*(-3 - (-14)/4) is divided by r(-22)?
46
Suppose 0 = -258*k + 216*k + 1428. What is the remainder when 644 is divided by k?
32
Suppose -4*z + 3 = -4*a - 249, 5*a - 117 = -3*z. Let v = 7 + 2. Calculate the remainder when z is divided by v.
0
Suppose -2*s - o = s + 930, 0 = 2*s + 3*o + 627. Let q = 335 + s. Calculate the remainder when 284 is divided by q.
24
Suppose 3*g = 3 - 3. Suppose 30 = -g*s + 6*s. Suppose -s*h = -c + 64, 3*c + 6*h = 2*h + 230. Calculate the remainder when c is divided by 11.
8
Suppose -3*z - 4 = 2*i + 8, -2*i - 20 = 5*z. Suppose g + 61 = 5*v, i = -2*v - 0*g + g + 25. Calculate the remainder when 19 is divided by 45/6*8/v.
4
Let h(w) = 26*w - 568. Calculate the remainder when h(24) is divided by (20/30)/((-4)/(-90)).
11
Suppose 2*d - 95 = 5*k + 478, -2*d - 232 = 2*k. Let g = k - -142. What is the remainder when 77 is divided by g?
23
Let h = 17417 + -17400. Calculate the remainder when 61 is divided by h.
10
Suppose 309*s + 36 = 315*s. Calculate the remainder when 1191 is divided by s.
3
Suppose 4*r - 266 + 86 = 0. Let s(c) = 77*c - 423. What is the remainder when r is divided by s(6)?
6
Let z(n) = -n - 3 + 2*n - 4*n. Let o = -3938 - -3968. What is the remainder when o is divided by z(-4)?
3
Let b = 2143 + -1353. Suppose -18*y = -434 - b. Suppose -2*l + 36 - 100 = -2*i, -146 = -4*i - 2*l. Calculate the remainder when y is divided by i.
33
Let f(g) = 25*g**2 - 4*g - 5. Let a(r) = r**2 - r - 13. Let u be a(4). Let m be f(u). Suppose 0 = 3*j + m - 81. What is the remainder when 35 is divided by j?
16
Suppose 10*a = 15*a - 125. Let y(f) = -f**3 - 16*f**2 - 9*f - 9. Let z be y(-15). What is the remainder when (-4)/(-18) + (-14630)/z is divided by a?
23
Suppose 3*t - 5 = -4*u, -3*t + 4 = -2*u - 7. Suppose -9 = t*p, -2*v + v = -5*p - 31. Calculate the remainder when 184/6 + (-4)/6 is divided by v.
14
Suppose 126*h - 24*h - 27846 = 0. Calculate the remainder when h is divided by 60.
33
Let n be ((-12)/(-3) + -4)/(2 - 1). Suppose -4*s + 0*c - 4*c = -8, -s + 5*c + 2 = n. Let x(p) = 11*p - 2. What is the remainder when x(s) is divided by 8?
4
Suppose -215 = -121*n + 116*n - 5*h, 0 = 2*h + 18. Let y = 4 + 7